+ 12. Suppose -5*a + d = -2*j, 0 = -2*j + 2*a - 5*a + 12. Suppose -3*v + 18 = -j*g, -4*v - 4 = -2*g - 36. List the prime factors of v.
2, 5
Let w(z) = 9*z**2 + 4*z + 10. List the prime factors of w(-4).
2, 3, 23
Suppose -3*o = -2*o. Suppose -4*m + o*m = 84. List the prime factors of (-30)/(-8)*(-112)/m.
2, 5
Let k be (-6)/(-8)*24/9. Suppose 6*z = k*z + 128. List the prime factors of z.
2
List the prime factors of (7/14)/((-3)/2)*-444.
2, 37
Let x be 2/4 + 2/4. Suppose -44 = 4*a - 56. List the prime factors of (a - 0)*x - -6.
3
Let w be -3 + (0 - (1 + -23)). Suppose -3*t = -3*o + 54, -2*o - 3*t + 65 = w. List the prime factors of o.
2, 5
Let p be -9*(2 - (-7)/(-3)). Suppose 0 = p*w - 13 - 170. List the prime factors of w.
61
What are the prime factors of (4 + 240/(-4))/(-2)?
2, 7
Let k = 85 - 120. Let q = 71 + k. Let y = q + -24. What are the prime factors of y?
2, 3
Let v = -1 - -2. Let c(d) be the first derivative of d**2 + 1. List the prime factors of c(v).
2
Suppose 0 = x - 4 + 1. Let r(n) = n**2 + n - 1. What are the prime factors of r(x)?
11
Suppose 0 = -6*y + 2*y. List the prime factors of (14 + y)*10/4.
5, 7
Let b = -228 - -392. List the prime factors of b.
2, 41
Let p(i) = -i + 14. Let b be p(0). Let s = 0 + b. What are the prime factors of s?
2, 7
List the prime factors of (-14)/(-56) - (-726)/8.
7, 13
Let x = -146 + 313. List the prime factors of x.
167
Let r = 10 + -7. Suppose r*a - k = a + 21, 3*a = -4*k + 48. List the prime factors of a.
2, 3
Let n = -5 - 0. Let b = n - -8. Let p = -1 + b. List the prime factors of p.
2
Suppose 5*f = 2*f + 12. List the prime factors of f.
2
Let r = -7 - -9. Let q(y) = 5*y**2 + 2*y - 3. List the prime factors of q(r).
3, 7
Let k(y) = -42*y - 21. What are the prime factors of k(-4)?
3, 7
Let c(o) = -3*o - 1. Suppose 0 = 3*r - 7 - 8. Suppose -r = -f + 5*i + 14, -5*f + 4*i = -11. What are the prime factors of c(f)?
2
Let c be -2 + 6 + -2 - 1. Suppose 30 = 5*a - 0*a. Suppose -2*k - a = -3*v, -4*v + 4*k + 9 = c. What are the prime factors of v?
2
Suppose 0*u - 3*c = -3*u + 24, -4*c - 35 = -5*u. Suppose -4*h - 3*p = u - 11, h = p + 9. Suppose 0 = -h*g + g + 48. List the prime factors of g.
2, 3
Let x = 167 + -113. List the prime factors of x.
2, 3
Suppose 7 = 2*j - 11. What are the prime factors of j?
3
Let l(f) = -2*f + 4. Let r(b) = 2*b**3 + 2*b - 1. Let z be r(1). Let d be l(z). Let o = d - -13. List the prime factors of o.
11
Suppose -3*a + 29 = l - 2, -l - 5*a + 35 = 0. List the prime factors of l.
5
Let g be 3/(-6)*(5 + -3). List the prime factors of 29 - (g - (-2 + 2)).
2, 3, 5
Suppose 2*p = t + 404, -2*p - 3*t = 2*t - 428. What are the prime factors of p?
2, 3, 17
Let w = 68 - -5. List the prime factors of w.
73
Suppose -8*v + 1200 = -0*v. List the prime factors of v.
2, 3, 5
Suppose 0 = -4*j + 10 + 6. Let a(m) = 14*m + 1 + j - 5. List the prime factors of a(1).
2, 7
Let t(j) = j**3 + 5*j**2 - 3*j + 4. Let l(c) = -3*c**3 - 14*c**2 + 8*c - 11. Let g(q) = 3*l(q) + 8*t(q). Let x be g(-2). List the prime factors of -17*3/3*x.
17
Let s be (-6)/(-12)*(1 - -11). What are the prime factors of s/(-15) + (-84)/(-10)?
2
Suppose -g - i = 2*i - 211, -3*i + 1115 = 5*g. List the prime factors of g.
2, 113
Let x(k) = -k - 14. Let y be x(-10). Let t(s) = -3*s + 2. List the prime factors of t(y).
2, 7
Let y = -6 - -8. Suppose y*a = -0*a + 28. List the prime factors of a.
2, 7
Suppose 0*i = 5*i. Suppose i = 4*t + 2 - 18. What are the prime factors of t?
2
Let h = 0 + 65. List the prime factors of h.
5, 13
Suppose -2*z = -6 + 2. Let s = z - 0. What are the prime factors of s?
2
Suppose -s + 4*n = 45, -2*s - 3*n + 7*n - 74 = 0. What are the prime factors of -1 - (-2 + 0) - s?
2, 3, 5
Let k(q) = 4*q - 1. Suppose -2*h - 2*h + 4 = 0. What are the prime factors of k(h)?
3
Suppose -2*t + 32 = 2*t + 5*h, -5*t + 31 = 4*h. Let q be (-3)/(9/(-42)) - t. Let v = q - 0. List the prime factors of v.
11
Let b = -19 + 23. What are the prime factors of 45 - 0*b/16?
3, 5
Let n(j) = -29*j**3 - j. Suppose -3*z + 1 = 4*p, 2*z + z = 4*p - 7. Let g be n(z). Suppose 2*k = 7*k - g. List the prime factors of k.
2, 3
Suppose -w = -0*w - 2. Suppose -5*h + w*a - 6 + 16 = 0, -10 = -2*a. What are the prime factors of h?
2
Let a(u) = -u - 1. Suppose 4*b + 27 = 3*g, 2*b = 6*b - 2*g + 22. Let l be a(b). Suppose 2*m = 2*k - 14, -k - 11 = -l*k + 2*m. What are the prime factors of k?
3
Let h = -7 - -11. Suppose -3*k = h - 112. What are the prime factors of k?
2, 3
Let o(v) = 58*v**3 + v**2. What are the prime factors of o(1)?
59
Let o(u) be the third derivative of 0*u - 1/120*u**6 + u**2 - 1/24*u**4 + 0 + 0*u**5 - 1/6*u**3. List the prime factors of o(-2).
3
Let r = -141 + 200. What are the prime factors of r?
59
Let z(g) = 8*g - 2. Let w be z(3). Let h = -5 + w. What are the prime factors of h?
17
Suppose 9 = 4*l - 3, -2 = b - 2*l. Suppose -18 = b*d - 50. What are the prime factors of d?
2
Let c(h) = h**3 - 12*h**2 + 12*h - 8. Let a be c(11). Suppose o = a*o - b - 31, -b = -5*o + 73. List the prime factors of o.
2, 7
Let c(r) = -8*r**2 + r - 1. Let l be c(1). Let d be (-1 - (-18)/8)*-4. Let j = d - l. What are the prime factors of j?
3
Suppose 3*l + l + 8 = 0. Suppose 0*c - 4*y = -c - 4, 4*y - 12 = 2*c. What are the prime factors of 10/c*(-6 - l)?
5
Suppose -2 = -s - 0. Suppose -s = w + 1. What are the prime factors of (-4)/(-6)*w - -11?
3
Suppose -3*b + 92 + 13 = 0. Suppose 0 = -4*t - 23 + 163. Suppose -3*k - 3*o + t = -4*o, 0 = 5*k + 3*o - b. List the prime factors of k.
2, 5
Let j = -6 + 10. List the prime factors of j.
2
Suppose o + 4*m + 6 = -0, 3*o + 18 = 2*m. Let p = -6 - o. Suppose -c + 2*c - 14 = p. List the prime factors of c.
2, 7
Let c = -2 + 4. Let w = -3 - c. What are the prime factors of (-48)/w - (-10)/25?
2, 5
Let c(t) = t - 7. Let m be c(9). Suppose -m*p = x - 68, 0 = 2*p + 3*x + x - 74. What are the prime factors of p?
3, 11
Let t(u) = -u**3 - 2*u**2 - 3*u - 3. List the prime factors of t(-3).
3, 5
Let r = 40 - 3. What are the prime factors of r?
37
Suppose -2*f = -3*w + 35, 45 + 9 = -3*f + 5*w. Let o = f - -22. What are the prime factors of o?
3
Let u = 0 + 1. Let m be (1*8)/(2/u). Suppose 3*q + m = 4*q. List the prime factors of q.
2
Let n(p) = 5*p - 12. Suppose -25 = -5*r + 15. Let o be n(r). Suppose 0 = 3*x - 5*x + o. List the prime factors of x.
2, 7
Let t(k) = -k - 3. Let n be t(-5). Suppose -4*y + 2 = n*a - 8, -10 = y - 2*a. What are the prime factors of 1 - 0 - (-11 - y)?
2, 3
List the prime factors of 2/3 - (-125)/15.
3
Let v = 61 + -1. Let q = 93 - v. List the prime factors of q.
3, 11
Let q(a) = -a**2 - 2*a. Let v be q(-2). Let t = 2 - v. Suppose t*u = -k - k + 28, 5*u = 5*k + 80. What are the prime factors of u?
3, 5
Let p(y) be the second derivative of 2/3*y**3 + 0 - 1/4*y**4 + 1/20*y**5 - 2*y - 2*y**2. What are the prime factors of p(3)?
2
Let i = 2 + -2. Let w(x) = 2 + 4*x - x - 2*x. List the prime factors of w(i).
2
Let l(q) = -2*q**2 - 28*q - 7. What are the prime factors of l(-11)?
59
Suppose 0*g - 4*g = -120. Let y = -9 + g. What are the prime factors of y?
3, 7
List the prime factors of 3/(-27)*-2 + (-5140)/(-36).
11, 13
What are the prime factors of (1 - 488/(-10)) + 4/20?
2, 5
Suppose 4*y - 1 = -3*h - y, 7 = 3*h - y. Suppose -1 = a + 2*c - 29, -c = h*a - 50. List the prime factors of a.
2, 3
What are the prime factors of (-50)/(-1) + 3/1?
53
Suppose -4*u = 2*i - 16, -i = -0*u + 3*u - 11. Suppose u*s - 4*s + 19 = 5*n, s = -n + 3. Suppose -n*m + 13 = -59. List the prime factors of m.
2, 3
Let z(d) = d**3 + 8*d**2 + 6*d - 6. Let j be z(-6). Suppose 0 = 3*i - 5*l + 55, j = 3*i - 7*i - 2*l. List the prime factors of (-80)/i*(-3)/(-2).
2, 3
Suppose 0 = -2*s + 3*s + 16. Let x = -26 - s. Let b(i) = -i**3 - 11*i**2 - 12*i - 2. What are the prime factors of b(x)?
2, 3
Let x(i) = 80*i. List the prime factors of x(1).
2, 5
Suppose 4*g - 522 = 3*f, -214 - 304 = -4*g + 5*f. List the prime factors of g.
2, 3, 11
Let l(a) = -a**2 + 8*a. Let y(k) = -k - 1. Let u(s) = -l(s) - 5*y(s). What are the prime factors of u(7)?
3, 11
Let b(z) = -43*z**3 + z - 2. List the prime factors of b(-2).
2, 5, 17
Let v = 2 - 2. Let y(x) = x**3 - 12*x**2. Let c be y(12). Suppose 2*k + v*k - 24 = c. List the prime factors of k.
2, 3
Let j = 8 +